-3)/(-9) - (-5)/3. Let y(m) be the second derivative of 0*m**2 + 2*m + 1/2*m**3 + 0 - 1/6*m**4. Determine y(p).
-2
Suppose 2*b - 5*b + 3*j + 21 = 0, j + 16 = 2*b. Let l(m) = -m**2 + 8*m + 3. Calculate l(b).
-6
Let p(f) = 4*f**2 + 4*f + 3. Let c(h) = 5*h**2 + 5*h + 4. Let r(w) = -3*c(w) + 4*p(w). What is r(0)?
0
Let o(a) = -a**2 + 5*a - 7. Suppose -2*g = v - 6, 5*v + 0*g = -3*g - 5. Let y = v + 6. Suppose -2*b = 2*c - 0*b - 16, 2*b + 4 = y*c. Calculate o(c).
-7
Suppose -17*q + 13*q + 24 = 0. Let l(u) = -u**2 + 8*u - 8. Give l(q).
4
Let x(v) = -v**3 + 6*v**2 - 4*v. Let w be x(5). Let j(q) = -q**2 + 2*q + 7. Calculate j(w).
-8
Let f(q) = 0*q + 2*q - 5*q. Suppose 0*n + 42 = 4*n - 2*t, 3*n + 4*t = 15. Suppose m = 4*m + n. Give f(m).
9
Let c be 10/4 - (-39)/(-26). Suppose -2*g + 5*g + l + 9 = 0, 2*g - l = -c. Let f(x) = 5 + 2*x + 0*x - 2. Give f(g).
-1
Let d(r) be the second derivative of -r**5/20 - 3*r**2 - 6*r. What is d(0)?
-6
Let s(j) = -3*j - 1. Let w(y) = 2*y - 13. Let b = 8 - 2. Let p be w(b). Determine s(p).
2
Suppose -31 + 27 = 4*h. Let k(f) = -3*f. What is k(h)?
3
Let m(a) = -a + 2. Let n(h) be the first derivative of h**3/3 + 5*h**2 + 4*h + 4. Let p be n(-10). What is m(p)?
-2
Let w(d) = 12*d**3 + 5*d**2 + 3*d - 6. Let o(j) = -13*j**3 - 6*j**2 - 4*j + 7. Let m(r) = 5*o(r) + 6*w(r). Calculate m(-1).
-6
Let s(h) be the first derivative of -h**4/4 - 2*h**3/3 - 3*h + 46. Give s(-3).
6
Let u(z) be the third derivative of z**6/60 - z**5/20 - z**4/24 + z**3/3 + 7*z**2. Give u(2).
4
Let z = 11 - 12. Let s(d) = 2*d**3 + d**2 - d - 1. What is s(z)?
-1
Let h(i) = i**3 - i**2 + 2*i - 2. Let u be h(2). Let a(t) = t - 1. Calculate a(u).
5
Let f(b) be the third derivative of -b**4/8 - 2*b**2. Let w be (3 + 0)*9/9. Suppose w*o + l = -2, 5*o + 0*l + 5*l = 0. What is f(o)?
3
Let a(k) be the first derivative of -k**5/60 - k**4/4 - k**3 + k**2 - 1. Let g(n) be the second derivative of a(n). Let u = 1 - 5. Determine g(u).
2
Let y(k) = 0*k - k + 2 + 0. Let w be y(2). Let v(q) = -9*q**2 - q + 0*q**2 + 8*q**2 - 8 + q**3. Calculate v(w).
-8
Let o(m) = -9*m - 11. Suppose 3*k + 37 + 14 = 0. Let v(p) = -3*p - 4. Let n(g) = k*v(g) + 6*o(g). Give n(-2).
8
Let s be (-3)/(-2) + 1/(-2). Let f(r) = -2*r + 5 + r + 0*r + s. Determine f(5).
1
Let b = -80 - -75. Let z(p) = -p**3 + p**2. Let c(u) = -5*u**3 + 3*u - 7. Let x = 8 - 4. Let h(j) = x*z(j) - c(j). What is h(b)?
-3
Let a(o) = -1005*o**2 + 3 + 1009*o**2 - 4. What is a(-1)?
3
Let j(m) = 2*m**2 - m. Let b(r) = -7*r**3 - r - 1. Let k be b(-1). Let w be ((-1)/(-2))/(k/(-28)). Give j(w).
10
Let u(z) = 8*z + 1. Let p(a) = -7*a. Let b(d) = -5*p(d) - 4*u(d). Calculate b(5).
11
Let p(s) = s**2 - s - 4. Suppose 4*q - 4*f = 3*q, 17 = 3*q + 5*f. Determine p(q).
8
Let x(r) = 12*r**2 + 9*r + 9. Let f(a) = -3*a**2 - 2*a - 2. Let w(g) = 9*f(g) + 2*x(g). Calculate w(-1).
-3
Let v = -6 + 9. Let l(x) = -2*x**3 - 3*x**2 - 2*x + 1. Let w(f) = -3*f**3 - 6*f**2 - 5*f + 2. Let c(n) = v*w(n) - 5*l(n). Suppose -b - b = -8. Give c(b).
-3
Let f(z) = -1 + 0*z**2 - z + 2*z**2 - z**2 + 3*z**3. Suppose -3*y + 29 = 5*m - 2*y, -y + 4 = 0. Suppose 5*o + m + 0 = 0. Give f(o).
-2
Let b(m) = -5 + m - 10*m + 4*m + 6*m. Determine b(4).
-1
Let f(v) = v**2 + 3*v - 3. Suppose -8*p - 8 = -6*p. Calculate f(p).
1
Let i(g) = -g**2 - 6*g**2 + 2*g + g**3 + 3*g + 8. Suppose 5*j - 5*n = 43 + 2, 4*n - 12 = -4*j. Calculate i(j).
2
Suppose 2*s - 1 = 5. Let l(r) be the third derivative of -r**4/24 - r**3/2 + 7*r**2. What is l(s)?
-6
Let u(v) = -31 + 2*v**2 - 36 + 65. Determine u(2).
6
Let d(p) = -1. Let m = 8 + -10. Let z(h) = h + 1. Let a(u) = m*d(u) - z(u). What is a(-6)?
7
Let w(v) = -6*v**2 - 5. Let s(c) = 21*c**2 + 18. Let p(z) = -5*s(z) - 18*w(z). Let m be 31/3 - 2/6. Let d be (-4)/m - (-12)/(-20). Determine p(d).
3
Let f(l) = -7*l**3 - 5*l**2 - 2. Let r(k) = 6*k**3 + 4*k**2 + 2. Let h(u) = -5*f(u) - 6*r(u). Give h(-2).
10
Let r(c) = 4*c - 5. Let u be r(4). Let a = u + -6. Suppose -5*q - a*j + j - 21 = 0, -2*j + 22 = -4*q. Let z(g) = -g**2 - 5*g - 3. What is z(q)?
-3
Let t(i) = -5*i + 2. Let m(h) = -3*h**3 - h**2 - h. Let k be m(-1). Suppose 0*r = -r + k. What is t(r)?
-13
Let b(q) = -2*q**3 + q**2 + q + 1. Let i(v) = v - 5. Suppose t + 2 = -0, -5*t + 5 = 5*s. Let u be i(s). Let h be u/4 + (-1)/2. Determine b(h).
3
Let r = -37 + 30. Let d(t) = t**2 + 6*t + 1. Give d(r).
8
Let o be (-3)/(3/(-4)) + -5. Let k(z) = 12*z**2 - 5. Let d(l) = 23*l**2 - 9. Let j(s) = -4*d(s) + 7*k(s). Calculate j(o).
-7
Let b(w) = w**3 - 12*w**2 + 10*w + 10. Suppose 0 = -m - 3*g + 5, 0 = 5*m - 2*g - 2*g - 63. What is b(m)?
-1
Let f(i) = -i**3 + 15*i**2 - 15*i + 11. Let g be f(14). Let y be ((-2)/1 - 1) + g. Let d(n) = -n**3 - 7*n**2 - 6*n - 8. Calculate d(y).
-8
Let d(h) = -10*h + 3 - h - 11*h**2 + 10*h**2 + 3*h. Calculate d(-9).
-6
Let x(m) = -m + 6. Suppose -3*b + 2*b + 1 = 0, -4*a = 3*b - 15. What is x(a)?
3
Suppose 3*t = -5*h + 31, -5*h + 3*t + t = -52. Let p(y) = h*y**2 + 3*y - 1 + 6*y - 9*y. Determine p(1).
7
Let b(u) be the third derivative of u**6/120 + u**5/20 - u**4/8 + u**3/3 - 8*u**2. Give b(-4).
-2
Let v be 3/(-3*(-2)/4). Let n(d) = 6*d - 1. Give n(v).
11
Let h(u) = -2 + 25*u - 3*u + 2*u**2 - 11*u - 3*u. Give h(-6).
22
Let i be (-4)/(1 - 9/6). Suppose i = -4*f + 2*f. Let r = f + 4. Let a(w) = -w**3 + w + 2. Give a(r).
2
Let z(r) be the first derivative of -3/2*r**2 - 4/3*r**3 - 4 + 3/4*r**4 + 14*r. Let b(n) = -n**3 + n**2 + n - 5. Let u(d) = 7*b(d) + 2*z(d). Calculate u(0).
-7
Let s(j) = j**2 + 10*j + 23. Let r be s(-7). Let o(k) be the first derivative of 4/3*k**3 - r*k - 1/2*k**2 + 2 - 1/2*k**4. Determine o(2).
-4
Let f(m) = 13*m. Let n(q) = 261*q. Let a(w) = -81*f(w) + 4*n(w). Let r(p) = -p**3 - 3*p**2 + 3*p - 5. Let s be r(-4). Determine a(s).
9
Let k(z) = -z - 11. Let a(t) = t**3 - 6*t**2 + 2*t + 5. Let p be a(5). Let r be k(p). Let d(m) = -1 + 3*m**2 + m**2 + m**2. What is d(r)?
4
Let a(p) = 2*p**2 - 2. Suppose -h - 3*t = 8, -h + t = -6*h - 12. Let d(u) = u**2 + 3*u. Let r be d(h). Give a(r).
6
Let f = -8 + 2. Let m(a) = 5*a**3 + 4*a**2 + 6*a - 5. Let q(v) = 4*v**3 + 4*v**2 + 6*v - 4. Let n(x) = f*q(x) + 5*m(x). Give n(5).
-6
Let z(c) = c**3 + 11*c**2 + 8*c - 14. Let i be z(-10). Let y be ((-8)/5)/(i/15). Let a(j) = -j**2 - 6*j - 2. Determine a(y).
6
Let v = 72 + -67. Let l(o) = o**3 - 5*o**2 + 6. Calculate l(v).
6
Let z(c) = -c**3 - 3*c**2 - 3*c. Suppose -4*t = -s - 0*s + 5, 3*s + 5 = 2*t. What is z(t)?
2
Suppose -5*w = -3 - 12. Let g(f) = 4*f - 5*f**2 + 4*f**w + f**2 - 3*f**3. Let p = -44 - -47. Give g(p).
3
Suppose 0 = -44*y + 47*y + 9. Let a(k) = 7*k**3 - 3*k**2 - 5*k + 5. Let b(n) = -6*n**3 + 2*n**2 + 4*n - 4. Let g(o) = -5*a(o) - 6*b(o). Give g(y).
-4
Let m = 0 - -1. Let k = m - 6. Let r(u) = u - 2. Determine r(k).
-7
Let c(v) be the third derivative of -v**5/60 - v**4/12 - v**3/6 - 30*v**2. What is c(-2)?
-1
Suppose 0*m + 32 = 2*m. Suppose -4*z + m = -0*z. Let f(j) = -j - 1. Give f(z).
-5
Let a(d) = 2*d + d**2 + 8*d**3 - 4 + 0*d + 5. Let m(h) = h**3 + h**2 - 3*h - 3. Let b be (-4)/10 + (-16)/10. Let s be m(b). Give a(s).
-8
Let v(z) = -62*z**2 - 9*z - 7 - 61*z**2 - 60*z**2 + 182*z**2. Suppose 20 = -3*y + 2. Give v(y).
11
Let g(t) be the second derivative of -t**5/10 - t**4/6 + t. Let b = -31 - -29. Determine g(b).
8
Let l(i) = -20*i**2 + 14*i - 10. Let x(d) = -7*d**2 + 5*d - 3. Let y(b) = -6*l(b) + 17*x(b). Let m = -2 - -2. Give y(m).
9
Let y(p) = 2*p + 2. Let c be y(3). Let k(l) = 3*l + c - 2 - 6*l - 7. Let z be k(-2). Let f(i) = -i**3 + 4*i**2 + 7*i - 5. What is f(z)?
5
Let a(c) = -5*c**3 + 5*c**2 + 3*c - 13. Let h(b) = 9*b**3 - 9*b**2 - 5*b + 27. Let s(m) = -7*a(m) - 4*h(m). What is s(0)?
-17
Let c(o) = o**2 - 5*o + 2. Suppose 2*m = 4*m - 6. Determine c(m).
-4
Let t(j) = j**3 + j + 8. Let z = 135 - 135. What is t(z)?
8
Suppose 4*i + v = 9 - 4, 0 = -2*i + 4*v - 2. Let h(a) = -5*a - i - 3 + 5 + 1 - a**2. Suppose -2*b + 3 - 11 = 0. Determine h(b).
6
Let l(g) be the second derivative of 0 - 1/6*g**4 - 3/2*g**2 - 5*g - 1/20*g**5 - 2/3*g**3. Give l(-2).
5
Let o(n) = -n**2 + 6*n - 2. Let f be o(5). Suppose 3*b = 8*b - 5*w, 4*w + f = 5*b. Let i(p) = b + 3 + 2*p - 5. Give i(-1).
-1
Let i(v) = -v - 8. Let z(x) = -x**3 + 5*x**2 - 4. Let w be z(5). Let h be w/3*18/4. Giv